) = 6*g**2 + 3*g - 3. Let u be d(2). Let z(v) = v**2 + 4*v + 3. Let m be z(-4). Let p = m + 0. Calculate the greatest common factor of u and p.
3
Let o = 17 + -14. What is the greatest common factor of o and 9?
3
Suppose 8*v = 7*v + 18. Let z = 131 + -86. Calculate the greatest common divisor of z and v.
9
Let u be (16/12)/(4/6). Suppose u*p = 3*j + 1, 5*j + 10 = 2*p + 3*p. Suppose 200 = 5*f - 0*f. Calculate the highest common factor of f and p.
5
Let l(b) = 2*b**3 - 3*b**2 - 2*b + 1. Let t be l(2). Calculate the highest common divisor of 9 and t.
1
Suppose 20 = -5*o, -3*b - 2 = 2*o + 3*o. Let z(r) = 4*r - 6. Let j be z(b). Suppose -38 = -3*i - 11. Calculate the highest common divisor of i and j.
9
Suppose 9*n - 6*n = 21. What is the greatest common factor of n and 49?
7
Let t = -3 + -1. Let a be (-6)/(-3)*(-126)/t. Suppose -3 = -3*o + 18. What is the greatest common factor of o and a?
7
Let h be (0 - 0)/1 + 2. Suppose 5*x + h*j = -2*j + 82, 3*j - 12 = -x. What is the highest common divisor of x and 18?
18
Let r = 4 + 3. Let u = 25 - r. What is the greatest common factor of 2 and u?
2
Let o be (27 - -18)*(-1 + (-8)/(-6)). What is the greatest common factor of 105 and o?
15
Let x be (2 - (-16)/(-4)) + 15 + 2. Calculate the highest common factor of 135 and x.
15
Let l(i) be the first derivative of i**3/3 + 5*i**2/2 + 12*i - 9. Let h be l(-6). Calculate the greatest common divisor of h and 198.
18
Suppose 5*x - 48 - 102 = 0. Let y = 21 + -6. What is the greatest common divisor of y and x?
15
Suppose 12 = z - 3*z. Let r(k) = -k**2 - 5*k + 8. Let y be r(z). Let f = y + -1. What is the greatest common factor of f and 5?
1
Suppose -3*t = -2*d - 17, -7 = d - 9. Calculate the greatest common factor of 63 and t.
7
Let s = -6 + 6. Suppose -y + b = 2*y - 18, s = 2*y + 4*b - 12. Let x(a) = a**2 + 24. Let d be x(0). Calculate the greatest common divisor of y and d.
6
Let r be (-2 + 1)/((-1)/3). Let s be r - 0*2/(-6). Suppose i + 3 = -4*p + 10, -12 = p + s*i. Calculate the greatest common divisor of 1 and p.
1
Suppose 5*q - 985 = -0*q. Suppose -y = 3*c + 169 - 462, -y + q = 2*c. Let t = 174 - c. Calculate the highest common factor of t and 13.
13
Let v be (5 - 1)/(((-10)/44)/(-5)). Suppose d - 2*d = -11. Calculate the greatest common factor of d and v.
11
Suppose 4*n = -3*u - n + 11, 3*u = 3*n + 51. What is the highest common factor of 60 and u?
12
Let i(m) = -4*m - 4. Let z(k) = 4*k**3 - k**2. Let a be z(1). Let c = -1 - a. Let y be i(c). What is the greatest common factor of 12 and y?
12
Let j be (36/(-27))/(1/(-6)). Calculate the highest common factor of 56 and j.
8
Let j be (32/(-20))/(4/(-10)). Suppose 0 = -m + j + 7. Let a be (4/(-1))/((-8)/244) + -1. What is the greatest common divisor of a and m?
11
Suppose -c + 700 = 4*c + 4*b, -c + 3*b = -140. Calculate the greatest common factor of 56 and c.
28
Let w = 149 + 49. Let o be 36/(-4 - 2 - -8). Calculate the highest common divisor of o and w.
18
Let z = -31 + 44. Let j(i) = -65*i - 4 + 4. Let c be j(-2). What is the greatest common factor of z and c?
13
Let x = -46 - -200. Suppose 3*v = 2*t - 19 - 24, -8 = -2*t - 4*v. What is the greatest common divisor of x and t?
14
Let h(i) = -4*i - 1. Let g be h(-2). Suppose -4*y - g + 27 = 0. Suppose y*r - 84 = -24. Calculate the highest common divisor of r and 8.
4
Let t = 27 + -11. Calculate the greatest common factor of 24 and t.
8
Suppose -l - 130 = -6*l. Let y be (-9)/(-1 - (-75)/78). Calculate the greatest common divisor of l and y.
26
Let m(q) = -q**2 - 14*q - 7. Let d(o) = o**3 + 2*o**2 + o - 1. Let z be d(-3). Let b be m(z). What is the greatest common factor of 54 and b?
6
Let g(u) = u**2 - 2*u - 9. Let m be g(6). Calculate the greatest common factor of m and 10.
5
Let x be (-2 - -1)/((42/(-198))/7). Calculate the highest common divisor of 22 and x.
11
Suppose 3*l = 5*l - 46. Let o = 12 + l. What is the greatest common factor of o and 7?
7
Let p(u) = -5*u + 3. Let n be p(-3). Suppose 0 = -r + 12 + n. Let v(b) = -b**3 + 4*b**2 + 6*b - 4. Let l be v(4). What is the highest common divisor of r and l?
10
Let h(u) = -2*u. Let r be h(-1). Suppose 4*d - r = 54. Calculate the highest common factor of 35 and d.
7
Suppose 3*d - 40 = d - 4*t, -4*d + 36 = -3*t. Calculate the highest common factor of 60 and d.
12
Let x = -3 + 5. Suppose 4*j - 20 = -x*a, -3*a - 20 + 2 = -2*j. What is the highest common factor of j and 3?
3
Let n be 3/(-18) + 706/(-12). Let j = -23 - n. What is the greatest common factor of 9 and j?
9
Let s be (232/(-12))/(14/6 - 3). What is the highest common factor of s and 29?
29
Suppose 4*w - 8 = 0, w = -3*v + 45 + 161. Suppose 0 = q + 3*q - v. Calculate the highest common factor of 187 and q.
17
Suppose 16 = 2*l - 0*a - 4*a, 3*a - 87 = -4*l. Let u = 6 + 0. Calculate the greatest common divisor of u and l.
6
Let c be 23 - 1 - (-4 - (3 - 6)). Calculate the highest common factor of 115 and c.
23
Suppose -2*t - 105 = -5*t + 4*b, 0 = 5*t + 5*b - 210. Calculate the greatest common divisor of 52 and t.
13
Let y(c) = 10*c**2 - 2*c. Let i(j) = -j + 6. Let g be i(8). Let n be y(g). Let q be (-1)/4*-4*4. Calculate the highest common factor of n and q.
4
Let w = 126 - 106. What is the greatest common divisor of w and 60?
20
Let y(z) = -z**3 - 4*z**2 - 6*z + 12. Let o be y(-6). What is the highest common divisor of o and 48?
24
Let j = 36 + 0. What is the greatest common divisor of j and 324?
36
Let j(g) = -6*g - 1. Let k be j(-1). What is the greatest common divisor of 5 and k?
5
Let o be (-1011)/(-12) + (-4)/16. What is the greatest common factor of o and 12?
12
Let a(l) = l**2 + 2*l + 4. Let t be a(-3). Let u(b) = -b + 10. Let o be u(t). Calculate the greatest common divisor of 27 and o.
3
Let f(i) = i**2 + 8*i - 23. Let k be f(-11). Let r(m) = 4*m**2 - 5*m - 4. Let z be r(4). Calculate the highest common factor of z and k.
10
Let c be (-3)/((-6)/20) + -3. Let x be c*6 - (-2 + 4). What is the highest common divisor of x and 16?
8
Let z = -205 - -448. What is the highest common factor of z and 27?
27
Suppose -o - 306 - 46 = -4*c, -3*c = -3*o - 264. Calculate the greatest common divisor of c and 8.
8
Let w(t) = -t**2 + 3*t + 8. Let q be w(4). What is the greatest common factor of 24 and q?
4
Let z(m) = -5*m + 9. Let n be z(-7). Suppose d - 3*p = 25, -4*d + 4*p + 16 + n = 0. Calculate the greatest common factor of 10 and d.
10
Let z = -4 + 6. Suppose -4*t = -z*t - 138. Suppose 246 = 5*m - t. What is the highest common factor of m and 9?
9
Let r = 19 + 102. Calculate the highest common divisor of r and 11.
11
Suppose -8 = -4*k + 32. What is the greatest common divisor of 6 and k?
2
Suppose -3*g + 4 - 1 = 0. Let f be (g/1 - 3) + 62. Suppose 0*s - f = -3*s. What is the greatest common divisor of s and 100?
20
Let y(h) = h**3 + 6*h**2 - 3*h - 3. Let z be y(-6). Calculate the greatest common factor of 75 and z.
15
Let m be -1 + (-105)/(-3) + 2 + 0. Calculate the highest common divisor of 27 and m.
9
Let u be (192/(-10))/((-2)/10). Calculate the greatest common factor of 16 and u.
16
Let v(w) = 6*w + 51. Let o be v(-6). What is the highest common factor of 25 and o?
5
Suppose -4*g + 2*g + v = 14, 3*g - 3*v + 15 = 0. Let m be (-6)/g - 56/(-6). What is the greatest common factor of 70 and m?
10
Let o = 5 + 0. Suppose 4*w + 7 = o*w. Suppose d + w = 2*d. Calculate the highest common factor of d and 56.
7
Suppose 3 = 4*r - 5. Suppose r*h - 150 = -2*y, 3*h = y + 2*h - 69. What is the highest common divisor of y and 12?
12
Let u = 41 - 29. What is the highest common factor of 18 and u?
6
Let g be (-2)/(-8) - (-91)/52. What is the greatest common factor of 32 and g?
2
Let w be (-3 + 3)/(1 - 0). Suppose -l + 69 + 0 = w. Let s = l + -29. What is the highest common factor of s and 5?
5
Suppose u + 4*g - 38 = -13, u - 18 = 3*g. Let a(q) = -5*q - 6. Let i be a(-4). Suppose 2*r + 0*r = i. What is the greatest common factor of u and r?
7
Let p be ((-8)/(-12))/((-4)/(-114)). Suppose -5*y = j - p, 51 = 5*j + 6*y - 3*y. What is the highest common factor of j and 63?
9
Let h = -3 + 7. Suppose z = 3*z - 2. What is the highest common divisor of z and h?
1
Suppose -35*p - 150 = -40*p. Calculate the highest common divisor of p and 270.
30
Suppose 0 = 2*k + 60 + 20. Let n = 70 + k. Cal